t is the hundreds digit of o?
4
Let o(v) = -4*v - 37 + 9*v + 25. Let t be o(10). Suppose j + 2*r = 34, 2*j = -2*r + t + 22. What is the tens digit of j?
2
Let o(t) = -4*t**2 + 18*t - 5. Let q be o(4). Suppose f - 5*m = 105, -q*m - 165 = 5*f - 662. What is the tens digit of f?
0
Let o(i) = -2*i**2 + 47*i + 27. Let s be o(24). Suppose -3*r = -v + 18, 46 = s*v - 5*r - 0*r. What is the tens digit of v?
1
Suppose -2*l = 4*d - 1150, -3*l + 579 = 2*d + 2*l. What is the units digit of d?
7
Suppose 0 = o - 2*m - 251, 3*o - 2*m - 387 - 386 = 0. Let u = o - 167. What is the tens digit of u?
9
Let p(s) = 7*s - 1. Let x be p(1). Suppose 2*m + 0*m = x. Suppose m*q - 34 - 104 = 0. What is the units digit of q?
6
Let v(w) = w**2 - 7*w + 3. Let l be v(7). Suppose -l*s + 5*z + 93 = 0, -3*z + 84 = 2*s + z. What is the units digit of s?
6
Suppose 1031 = 2*o + 33. What is the units digit of o?
9
Suppose -43*m + 17*m = -35308. What is the thousands digit of m?
1
Suppose 508 - 59 = a. What is the units digit of a?
9
Let y(q) = -81*q + 6. Let u be y(1). What is the units digit of 10*(4/(-6) + (-380)/u)?
4
Suppose 8 = 4*r, -254 = -4*a - 2*r - 62. Suppose -s = -a - 57. What is the tens digit of s?
0
Let x(k) = 5*k + 6*k - 7*k - 26 + 0*k. Let o be x(8). Suppose -h - 275 = -o*h. What is the tens digit of h?
5
Suppose -3*h + 18 = 4*w, 4*h + 3 = 3*w + 2. Suppose 2*g + 6 = -3*r, -h*r + 4*r = -2*g - 2. Let y = 12 + r. What is the units digit of y?
8
What is the tens digit of (-5)/(10/18)*(-1104)/36?
7
Suppose 5*l = 5 + 20. Suppose 0 = -l*n + 5*d + 90, -d - 1 - 1 = 0. Suppose -3*z - 5*f - 18 = -2*z, 2*z = 3*f + n. What is the units digit of z?
2
Let c be (7/14)/(2/(-8)). Let d(q) = -2*q + 1. Let i be d(c). Let b = i - -1. What is the units digit of b?
6
Suppose -2*s + s = -107. Let j = s + -45. What is the units digit of j?
2
Let n(j) = -j - 17. Suppose -2*s = -2*i + 30, -i + 12 = -5*i. What is the units digit of n(s)?
1
Let v = -104 + 117. Suppose -1343 = -v*r + 1010. What is the tens digit of r?
8
Let g be (2/(-4))/(1/32). What is the tens digit of 3/(9/(-3)) - g?
1
Let i(h) = h**3 - 4*h**2 + 2*h - 5. Let x be i(4). Suppose -x*a + 2*a = 0. Suppose -w + 4*w + 3*f - 96 = a, -4*w + 113 = f. What is the units digit of w?
7
Suppose -4 = 2*q, 0*q - 294 = -4*p - q. Suppose -p = 7*k - 5*k. Let g = k + 71. What is the tens digit of g?
3
Let t = 973 - -906. What is the hundreds digit of t?
8
Let a(q) = 3*q**2 - 2*q - 1. Let b be a(-1). Suppose -b*j - 1 = -13. What is the tens digit of (-3)/(-3) - (j + -35)?
3
Suppose -5*n + 13 = -7. Suppose -2*q = -n*q + 82. What is the units digit of q?
1
Let w = -14 - -2. Let u = 13 + w. What is the units digit of (14*2 - -1)*u?
9
Suppose 22*d - 5985 = 19*d. What is the tens digit of d?
9
Suppose 0*m + 350 = 5*m. Suppose 2*i - 2*w - 1 = 7, -4*i + w + 13 = 0. Suppose u = 5*d - m, -i*d + d + 28 = -3*u. What is the tens digit of d?
1
What is the thousands digit of (-4)/(-10) - (-10 - 179397/45)?
3
Let b be 0 - -1 - (-4 - -1). Suppose 0*n - b*n + 32 = 0. Suppose n = j - 25. What is the tens digit of j?
3
Let j(c) = -106*c - 110. What is the tens digit of j(-6)?
2
Let a be (-1)/(-7) - 7123/(-119). Let k = 136 - a. What is the tens digit of k?
7
Let p = 0 - -6. Suppose p = -5*z - 4. What is the units digit of -4*(z + 6/(-8))?
1
Let y(i) = 3*i**2 + 8*i - 17. Let v be (-2)/11 - (-5)/((-110)/(-158)). What is the hundreds digit of y(v)?
1
Let z(g) = -87*g**2 - 5*g - 1. Let n(k) = 175*k**2 + 11*k + 2. Let l(j) = -4*n(j) - 9*z(j). What is the units digit of l(1)?
5
Let l(d) = 8*d**2 - 8*d + 18. What is the hundreds digit of l(-8)?
5
What is the tens digit of (-8 - -11)/(3/(-20538)*-9)?
8
Let t = 11 - 8. Suppose -2*o = -3 - t. What is the units digit of (-30)/18*(0 - o)?
5
Let h(u) = -u**3 + 46*u**2 - 183*u - 84. What is the tens digit of h(38)?
1
Let l(j) = 454*j - 18. What is the tens digit of l(1)?
3
Let g = 233 + -91. Let z = 231 - g. What is the tens digit of z?
8
Suppose -6*a + 1368 = 18. What is the units digit of a?
5
Let u(s) = 4*s**2 - 5*s + 7. Suppose 3*i = 2*i - 20. Let x = 23 + i. What is the tens digit of u(x)?
2
Let i(w) = -20*w**3 - 2*w**2 - 5*w - 26. What is the tens digit of i(-3)?
1
Let j be (-817)/(-9) + 14/63. Suppose 4*c = s + j, -2*c - s - 2*s = -35. Suppose 43 = 5*l - c. What is the units digit of l?
3
Suppose 4*s + 2*j - 1142 = 0, 5*s + 3*j = 8*s - 870. What is the hundreds digit of s?
2
Let x = 136 + 33. Suppose -2*d + x = -141. What is the hundreds digit of d?
1
Let s = 2165 + -1484. What is the tens digit of s?
8
Let f(j) = -2*j**2 - 25*j - 16. Let i be f(-10). Let p = i + -13. What is the units digit of p?
1
What is the thousands digit of 2003/2 - (-74)/(-148)?
1
Suppose -4*o - 1 = 11. What is the units digit of ((-135)/6 + -2)/(o/6)?
9
Let x(h) = h**2 - 19*h + 34. Let j be x(20). Let o = 161 + j. What is the hundreds digit of o?
2
Let m(p) = 0*p - 5 - 3*p + p. Let q(z) = z**3 - 8*z**2 + 4*z + 15. Let i be q(7). What is the units digit of m(i)?
7
Suppose -2*w + 36 = 2*c - 4*w, -90 = -5*c + 3*w. What is the units digit of c?
8
Let p be (-22)/2 + 0/(-6). Let y = p - -5. What is the tens digit of -1 + 33 + (y - -6)?
3
Suppose 5*f = 37 - 92. What is the tens digit of (2 - 4)/((-1)/(-1 - f))?
2
Let r(m) = -67*m + 4. Let t be r(-21). What is the units digit of t/34 - (-1)/(-2)*1?
1
Suppose -3*h = -4*h + 433. Suppose 3*p - h = 2*a, -4*a = a - 5. Let c = p - 102. What is the units digit of c?
3
Let a be -7*(-1)/(14/324). Suppose -11*h + a = -8*h. What is the units digit of h?
4
Let g(f) = -4*f**3 + 8*f - 1. Let c be g(-3). Let n be (-8)/3*300/(-16). Let q = c - n. What is the tens digit of q?
3
Let d be -3*-1*(-2)/(-3). Let i be (d - -8)/((-8)/(-12)). What is the units digit of (i/(-4))/((-4)/16)?
5
Let q = -104 - -953. What is the tens digit of q?
4
Let t = -727 - -1226. What is the hundreds digit of t?
4
Suppose -17*x + 9841 = -47109. What is the thousands digit of x?
3
Suppose -u + 4*u - 195 = 5*n, 5*u + 2*n - 294 = 0. What is the tens digit of -3 - u/(-9)*9?
5
What is the tens digit of 3 - (-1 + (-3416)/7)?
9
Let j = -883 + 2550. What is the hundreds digit of j?
6
Let w(d) = 25*d + 1. Let p be w(2). Suppose -q + 0*v = -4*v + 47, -q + 2*v - p = 0. What is the units digit of 3/(-5) - 638/q?
1
What is the units digit of 3/((-120)/16) + (-2737)/(-5)?
7
Let o(v) = 17*v**2 - 2*v - 2 - 21*v**2 + 19*v**2 + 18*v**2. What is the tens digit of o(-1)?
3
Let b(y) = y**3 + 11*y**2 + 15*y + 7. Let p = 6 - 12. What is the tens digit of b(p)?
9
Let g(z) = -3*z - 3. Let l be g(-5). Suppose -t = -4*t - l. What is the units digit of (3/t)/(2/(-72))?
7
Let c(j) = 2*j**2 - 40*j + 24. What is the tens digit of c(28)?
7
Let h(u) = -u**2 + 9*u - 15. Let c be h(6). Suppose -c + 6 = l. What is the units digit of l?
3
Suppose 0 = r + 3*r - 3*h - 2158, 5*r = -4*h + 2713. What is the tens digit of r?
4
Let q(x) = 3*x**2 + 42*x + 21. Let s(o) = o**2 + 14*o + 7. Let p = -24 + 21. Let f(l) = p*q(l) + 8*s(l). What is the units digit of f(-10)?
3
Suppose 5 = 3*u - 4. Suppose 3*p = -2*x + u*x - 11, -5*p - 15 = 0. Suppose -2*k + k + 5*n + 41 = 0, -x*n + 313 = 5*k. What is the units digit of k?
1
Suppose 14*g - 56097 = -9*g. What is the thousands digit of g?
2
Suppose 627 = 5*t - 123. What is the units digit of t?
0
Let a be (211/3)/(15/45). Let c = a - 104. What is the units digit of c?
7
What is the tens digit of (-2)/(-2)*(-19 - -45)?
2
Let b be 0 + (-22)/(-10) + 12/(-60). Let v = 70 + b. What is the units digit of v?
2
Let k(m) = 7*m**2 - 4*m - 6. Let q(j) = j**3 - 13*j**2 + 2*j - 22. Let o be q(13). What is the tens digit of k(o)?
9
Let k(w) = 8*w**2 + 164*w + 20. What is the units digit of k(-21)?
4
Let z = 202 + -94. What is the tens digit of (4 + 4/(-6))/(8/z)?
4
Let i be (5 - 3 - 7)*-1. Let z(j) = 40*j**2 - 7*j + 5. Let u(p) = -20*p**2 + 4*p - 3. Let m(w) = i*u(w) + 3*z(w). What is the units digit of m(1)?
9
Let c = 704 - 415. What is the units digit of c?
9
Let o = 1 + -7. Suppose 114*p = 117*p - 72. What is the tens digit of (-226)/(-8) + o/p?
2
Let v = 498 - 240. What is the units digit of v?
8
Let c be 22 + 1 + 5 + -4. Suppose 0*r = -r + c. What is the tens digit of r?
2
Let g be ((-4)/3)/2*-6. Suppose 2*o + o - 24 = 0. Suppose -84 = g*y - o*y. What is the